5209 composite?
False
Is 1337 a prime number?
False
Is 12982 a composite number?
True
Is 156217 a prime number?
True
Is 132817 a prime number?
True
Is 13793 composite?
True
Is 6947 prime?
True
Is 94033 a prime number?
True
Is 3943 a composite number?
False
Is 296741 prime?
True
Is 29411 a prime number?
True
Is 25741 a composite number?
False
Is 10007 a prime number?
True
Is 162343 a prime number?
True
Is 1061 prime?
True
Is 30953 a prime number?
False
Is 109003 a composite number?
True
Is 8743 prime?
False
Is 287173 a prime number?
True
Is 1883663 prime?
False
Is 18897 a composite number?
True
Is 905 a composite number?
True
Is 274541 prime?
False
Is 8639 a composite number?
True
Is 61777 a prime number?
False
Is 308383 prime?
True
Is 7717 composite?
False
Is 3325349 a prime number?
True
Is 2722 composite?
True
Is 10694 prime?
False
Is 17335 a composite number?
True
Is 2819 a prime number?
True
Is 3967 prime?
True
Is 887 prime?
True
Is 11113 a composite number?
False
Is 2147 prime?
False
Is 17891 prime?
True
Is 49103 prime?
True
Is 4453 a prime number?
False
Is 43655 a composite number?
True
Is 88789 prime?
True
Is 1781 a prime number?
False
Is 338683 a prime number?
True
Is 1049707 composite?
False
Is 162119 prime?
True
Is 373967 prime?
False
Is 294713 a composite number?
True
Is 71059 composite?
False
Is 994559 a prime number?
True
Is 8451323 a composite number?
False
Is 17167 a composite number?
False
Is 15919 prime?
True
Is 6459 a composite number?
True
Is 30241 a composite number?
False
Is 366134 a composite number?
True
Is 12071 a prime number?
True
Is 2019 a composite number?
True
Is 617999 a prime number?
False
Is 18827 a prime number?
False
Is 47189 a prime number?
True
Is 38723 a prime number?
True
Is 9977 prime?
False
Is 27389 prime?
False
Is 219014 a composite number?
True
Is 29221 a composite number?
False
Is 955 prime?
False
Is 42221 prime?
True
Is 1205389 composite?
True
Is 99317 a composite number?
False
Is 6389 composite?
False
Is 18302 composite?
True
Is 133363 composite?
True
Is 14077 composite?
True
Is 62693 prime?
False
Is 53773 composite?
False
Is 1441 composite?
True
Is 27383 a prime number?
False
Is 257053 a composite number?
False
Is 6521 composite?
False
Is 67457 prime?
False
Is 6287 a composite number?
False
Is 191561 a composite number?
False
Is 6031 prime?
False
Is 547685 a composite number?
True
Is 15359 prime?
True
Is 103079 a composite number?
False
Is 39583 a composite number?
True
Is 884839 a prime number?
False
Is 1816301 prime?
True
Is 34997 prime?
False
Is 5167 a prime number?
True
Is 28727 composite?
True
Is 17903 a composite number?
False
Is 146257 prime?
False
Is 13033 a prime number?
True
Is 18187 a prime number?
False
Is 48421 composite?
True
Is 71031 a prime number?
False
Is 16603 composite?
False
Is 5437 composite?
False
Is 37987 composite?
False
Is 17939 a composite number?
False
Is 14698 prime?
False
Is 69535 a prime number?
False
Is 546123 prime?
False
Is 232327 composite?
True
Is 40693 a composite number?
False
Is 1693 a prime number?
True
Is 9181 prime?
True
Is 1069 composite?
False
Is 677119 prime?
True
Is 28115 a prime number?
False
Is 164183 composite?
False
Is 42095 prime?
False
Is 104943 a composite number?
True
Is 13367 composite?
False
Is 12587 prime?
False
Is 54517 a composite number?
False
Is 122506 a composite number?
True
Is 15991 composite?
False
Is 70753 composite?
False
Is 8779 a prime number?
True
Is 9313 composite?
True
Is 110829 composite?
True
Is 585815 composite?
True
Is 1657 prime?
True
Is 1043 composite?
True
Is 1559 a composite number?
False
Is 4631 a prime number?
False
Is 1341683 a composite number?
True
Is 12323 a composite number?
False
Is 1293799 composite?
True
Is 7897 prime?
False
Is 110749 a composite number?
False
Is 8461 a composite number?
False
Is 786194 a prime number?
False
Is 169261 a prime number?
False
Is 33047 prime?
False
Is 6037 a prime number?
True
Is 5219 a composite number?
True
Is 16319 a prime number?
True
Is 1738741 a composite number?
True
Is 100911 a composite number?
True
Is 5897 prime?
True
Is 3817 a composite number?
True
Is 60179 prime?
False
Is 1136183 a composite number?
False
Is 147037 composite?
True
Is 63983 composite?
True
Is 56111 prime?
False
Is 60859 a prime number?
True
Is 645313 composite?
False
Is 4873 composite?
True
Is 497093 composite?
False
Is 685 a prime number?
False
Is 202583 composite?
True
Is 81611 prime?
True
Is 41113 composite?
False
Is 789 a composite number?
True
Is 4009 a prime number?
False
Is 23801 composite?
False
Is 681581 a composite number?
True
Is 135379 composite?
True
Is 978611 composite?
False
Is 830171 prime?
False
Is 166223 a composite number?
True
Is 1553701 a prime number?
True
Is 664413 a prime number?
False
Is 865307 a composite number?
False
Is 1227 composite?
True
Is 52131 composite?
True
Is 99697 a composite number?
True
Is 5959 prime?
False
Is 1671223 a composite number?
False
Is 2335 prime?
False
Is 15527 prime?
True
Is 25969 a composite number?
False
Is 75269 a prime number?
True
Is 170071 a composite number?
True
Is 669763 a prime number?
True
Is 18079 a composite number?
True
Is 830621 composite?
True
Is 17951 a composite number?
True
Is 64747 prime?
True
Is 310801 a composite number?
False
Is 1939195 a prime number?
False
Is 1136873 a prime number?
False
Is 4083 a prime number?
False
Is 150721 a composite number?
False
Is 43933 composite?
False
Is 236347 prime?
False
Is 50723 composite?
False
Is 82339 prime?
True
Is 2605 a composite number?
True
Is 4111 composite?
False
Is 84059 composite?
False
Is 224381 a composite number?
True
Is 2859173 a composite number?
False
Is 84153 composite?
True
Is 1748933 composite?
False
Is 19373 composite?
False
Is 29699 a prime number?
False
Is 3271 prime?
True
Is 12689 a composite number?
False
Is 119549 a composite number?
False
Is 2954263 prime?
False
Is 78493 composite?
True
Is 6353 composite?
False
Is 177091 prime?
True
Is 80557 prime?
True
Is 9829 a composite number?
False
Is 137117 composite?
False
Is 373859 composite?
False
Is 648317 composite?
False
Is 12199 a prime number?
False
Is 4493 a prime number?
True
Is 129379 a composite number?
False
Is 851 a prime number?
False
Is 14969 prime?
True
Is 35293 composite?
True
Is 1013981 composite?
True
Is 87011 prime?
True
Is 308307 a prime number?
False
Is 236347 a composite number?
True
Is 457819 a composite number?
True
Is 133379 a prime number?
True
Is 46229 a prime number?
True
Is 136987 a prime number?
True
Is 7534 a prime number?
False
Is 395563 prime?
False
Is 1209041 a prime number?
False
Is 7617 a composite number?
True
Is 64777 prime?
False
Is 153991 prime?
True
Is 24263 composite?
True
Is 6761 a prime number?
True
Is 50613 a composite number?
True
Is 35201 a prime number?
True
Is 10519 a prime number?
False
Is 22303 composite?
False
Is 10458079 a composite number?
False
Is 11057 composite?
False
Is 16309 a prime number?
False
Is 66221 composite?
False
Is 1201793 prime?
True
Is 23311 prime?
True
Is 177223 prime?
True
Is 103451 a composite number?
False
Is 5779 composite?
False
Is 38629 a prime number?
True
Is 3151 composite?
True
Is 120193 composite?
False
Is 284897 a composite number?
False
Is 478913 a composite number?
False
Is 3239 a prime number?
False
Is 1196471 composite?
False
Is 79221 composite?
True
Is 149759 prime?
True
Is 8899 a prime number?
False
Is 14431 prime?
True
Is 34433 a prime number?
False
Is 118733 prime?
False
Is 13811 a composite number?
True
Is 7151 prime?
True
Is 8581 prime?
True
Is 1554863 a prime number?
True
Is 10691429 prime?
False
Is 1399 prime?
True
Is 127 a composite number?
False
Is 21341 a composite number?
False
Is 283039 composite?
True
Is 105467 composite?
False
Is 302023 a composite number?
True
Is 2537 composite?
True
Is 21139 prime?
True
Is 2161 a composite number?
False
Is 6421 a composite number?
False
Is 19255 composite?
True
Is 414811 a prime number?
False
Is 100279 a prime number?
True
Is 7433 composite?
False
Is 450881 a prime number?
True
Is 196133 a composite number?
True
Is 16477 composite?
False
Is 262937 a composite number?
False
Is 365633 prime?
False
Is 279547 prime?
False
Is 355843 a composite number?
True
Is 3007 prime?
False
Is 13646 comp